uppose -2 = h*f - 10. Let o(m) = m - 2*m**2 + 0*m + 0*m**f - 8*m**3. What is o(1)?
-9
Let z(p) = -6*p - 4. Let r = 23 + -18. Give z(r).
-34
Let x(f) = -f**3 + 4*f**2 + 2*f - 3. Let b(u) = -u**3 - 17*u**2 - 18*u - 29. Let n be b(-16). What is x(n)?
12
Let r(f) = 19. Let n(s) = s - 4. Let p(i) = -n(i) - r(i). What is p(0)?
-15
Let x(l) = 0*l**2 - 9 + 7*l**2 + 0. Let u(d) = -3*d**2 + 4. Let s(a) = 5*u(a) + 2*x(a). Suppose 127 - 147 = 5*b. Give s(b).
-14
Suppose -20*n = -56 - 4. Let f(k) be the second derivative of -2*k**2 + 0 - 2*k + 1/2*k**n. What is f(4)?
8
Let h = -669 - -672. Let d(s) = s**3 - 2*s**2 - 5*s + 3. Calculate d(h).
-3
Let n(d) = d**2 - 2*d + 2*d + d. Let s be 168/(-120) + 2/5*1. Let p be s*((-6)/33 - (-18)/(-22)). Determine n(p).
2
Suppose -3*a + m + 14 = -3, 15 = a + 2*m. Let r(s) be the first derivative of -s**4/4 + 8*s**3/3 - 7*s**2/2 + 4*s - 2. Calculate r(a).
4
Suppose -3*v - 8 = 4*z, 12*v - 16*v + 16 = 0. Let k(l) = l + 1. Give k(z).
-4
Let l = -1034 + 6209/6. Let q(b) be the third derivative of -1/60*b**5 + 0*b - 7/24*b**4 - b**2 + 0 - l*b**3. Give q(-4).
7
Let h(o) be the first derivative of 13*o**4/2 - o**3/3 + o**2 - o + 48. Calculate h(1).
26
Let q(d) = d + 2. Suppose 3*v = 5*v - 12. Suppose t + 0 = v. Give q(t).
8
Let r(y) be the first derivative of 7*y**3/3 + y**2/2 + y - 4. Suppose 2*b + 14 = -4*f, -2*f - f = -2*b + 28. Let w be (-2)/(-1 - (3 + f)). Determine r(w).
7
Let s = 20 + -36. Let d = -11 - s. Let j(w) = -3*w**2 - 7*w - 3. Let i(k) = k**2 + 4*k + 1. Let p(z) = 5*i(z) + 2*j(z). Give p(d).
4
Suppose -5*a + 27 = g, -8 = 4*g - a - 11. Let q(i) = -6*i**2 + 3*i - 2. Calculate q(g).
-20
Let s(b) = b**3 - 8*b**2 + 8*b - 13. Let o be s(7). Let a be 4/(-24) - 13/o. Let v(m) = 3*m**2 + 4*m - m**3 - 3*m + 0*m**2 + 2. Determine v(a).
8
Let l(u) = -u**3 + 6*u**2 + u - 3. Suppose 2*y - q - 19 = 0, 4*q = -q - 15. Suppose -4*h = -y*h - 40. Let o = -4 - h. What is l(o)?
3
Let n = 9 - 7. Suppose -5 = w, n*i + 5*w + 43 = 14. Let r(c) = c - 21. Let y(g) = 4. Let j(b) = 2*r(b) + 11*y(b). Calculate j(i).
-2
Let u(x) = x**3 - 8*x + 7. Let m be u(3). Suppose 2*s - 2*j = -4 + m, -j - 3 = 5*s. Let y(f) = f**3 - f**2 - 4. Calculate y(s).
-4
Let s(m) = -78*m - 16 + 6 - 99*m - m**3 + 189*m + 3*m**2. What is s(5)?
0
Let h be ((-18)/14 - -1) + 6416/112. Let w(u) = 28 + 27 + u - h. Give w(-5).
-7
Let r(w) = w**3 + 2*w**2 - w. Let b be (-9)/(-2 - 86/(-40)). Let o be (-2)/15 + 112/b. Give r(o).
2
Let c(k) = 5*k**3 + 37*k**2 - 11*k + 21. Let h(y) = -2*y**3 - 13*y**2 + 3*y - 7. Let v(z) = 3*c(z) + 8*h(z). Suppose r - 1 = 5. Calculate v(r).
-11
Let t(x) = -x**3 - 13*x**2 - 18*x - 29. Let g be t(-12). Let l(b) = b**3 + 6*b**2 - 16*b + g*b - 24*b. Let k(u) = -u**2 - 3*u - 1. Let a be k(-4). Give l(a).
10
Let k(f) be the second derivative of -f**5/20 - f**4/6 - f**3/6 - 19*f - 2. What is k(-2)?
2
Let c(h) = -2*h - 3. Let d(w) = 17*w - 223. Let p be d(13). Give c(p).
1
Let m(u) be the second derivative of -u**5/30 - 5*u**4/24 + u**3 - 15*u. Let k(i) be the second derivative of m(i). Give k(-5).
15
Let p(u) = 2*u - 1. Let c be p(4). Let l(s) = 24879422 - 24879430 + 4*s - 2*s. Give l(c).
6
Let a(o) = -9508 - 2*o - 2*o + 9501. Give a(-5).
13
Let k(x) = 2*x. Let b(s) = 5*s**2 + 12*s - 24. Let f(a) = 4*a**2 + 13*a - 23. Let l(u) = -5*b(u) + 6*f(u). Let t be l(17). Calculate k(t).
-2
Let t = 5 - 4. Let k be (-4)/(t + (-60)/56). Let l be (-4)/(-14) - 296/k. Let x(r) = r**3 + 4*r**2 - 4*r + 4. Determine x(l).
-1
Let l(y) be the second derivative of 2*y**3/3 + 5*y**2/2 + 59*y. What is l(-4)?
-11
Let b = -1 + -4. Let u(p) be the second derivative of p**3/6 + 2*p**2 - 2*p - 82. Give u(b).
-1
Let z(b) = b**2 + 3*b - 7. Let y(r) = 3*r**3 - 5*r + 4. Let m be y(1). What is z(m)?
3
Let z = -30 - -36. Suppose 0 = z*f - 4*f - 46. Let j = 18 - f. Let k(l) = -l**3 - 5*l**2. Calculate k(j).
0
Let b(f) = 3*f + 2. Let h = 90 - 83. Calculate b(h).
23
Let h = 36 - 34. Let z(p) = p. Let t(c) = 4*c**2 + 5*c. Let u(s) = h*z(s) - t(s). What is u(-2)?
-10
Suppose -8*r + 6*r = 0. Let y be 3 + 2 + 1 + r + -5. Let a(z) = 5*z**3. Give a(y).
5
Let v(y) = 0*y - 93 + y**3 - 4*y**2 - 2*y**3 - 102 + 2*y + 198. Give v(-4).
-5
Let b(i) = -i**3 - 5*i**2 + 5*i - 5. Let m be b(-6). Suppose -x + 9 = 4*v - m, -x + 3*v + 3 = 0. Let u(y) = y**2 - 6*y - 4. Give u(x).
-4
Let p(c) = c**3 + 9*c**2 + 24 + 0*c**3 - 2*c**3 - 30 - 9*c + 0*c. Calculate p(7).
29
Let h(s) be the second derivative of -s**3/3 - s**2/2 + 20*s. Calculate h(3).
-7
Let i be 2/(5/(90/12)). Let u(p) = 2*p**2 - p - 3. Determine u(i).
12
Suppose -2*u + 24 = 6. Let v(r) be the first derivative of -r**2/2 + 12*r + 486. Give v(u).
3
Suppose -2*i - f = -12, 4*i = -0*i + 4*f + 24. Let s(h) be the third derivative of -6*h**2 - 1/40*h**i + 1/24*h**4 + 0*h + 0 + 0*h**3 + 1/30*h**5. Give s(-1).
4
Let r be (-1 - -7)/(33/44). Suppose r = 2*l - 4*l. Let o(m) be the second derivative of -m**3/6 - m**2 - 2*m. Determine o(l).
2
Suppose -21*d = -1447 + 1405. Let i(m) be the second derivative of -1/12*m**4 + 0 + 7/6*m**3 + 7*m - 7/2*m**d. Calculate i(5).
3
Let i be (-5 - (7 - 20)) + -19. Let x(t) = -t**2 - 11*t + 6. Determine x(i).
6
Let b(o) = 2*o + 5. Let c = 271 + -273. Calculate b(c).
1
Let p(y) = 4*y - 3*y + 2 - 4*y + 2*y. Let f = -60 + 63. Determine p(f).
-1
Suppose -3 = q + 5*y, 5*q - 4*y - 22 + 8 = 0. Let d be q/(-4) + -4 + 68/8. Let r(i) = 0*i + 3 + 2 - 3*i. Determine r(d).
-7
Let d(n) be the third derivative of -n**6/120 + n**5/20 - n**4/6 + n**3/2 + n**2 - 36*n. Let c be 8/3 + (-2)/3. Suppose 0 = -0*w + c*w - 4. Calculate d(w).
-1
Let x = 3 - 1. Suppose t - 24 = -5*t. Let o(f) = -6*f**3 + t*f**3 - f**2 + f**3 - f - x. Determine o(-2).
4
Let h(t) be the first derivative of -3*t**2 + 7*t - 6 - 1/3*t**3. Give h(-6).
7
Let l(u) be the third derivative of -u**4/4 - 7*u**3/6 + 129*u**2. What is l(-6)?
29
Let j be 5/2 - 2/4. Suppose 0 = 6*v - j*v. Let y(z) = 10 + z**2 - 9*z - 2 + v*z. Give y(6).
-10
Let u be (-52 - -44) + 11 + -2. Let x(m) = -35*m**3. Give x(u).
-35
Let j(o) = 15*o**2 - 4*o + 5. Let c(l) = l**2 + l - 1. Let z(d) = -4*c(d) - j(d). What is z(1)?
-20
Let d(q) = q + 3. Let a(i) = 5*i + 16. Let k(v) = -2*a(v) + 11*d(v). Let j(s) = 4*s + 16. Let t be (1 + -8 + 6)/(1/5). Let n(o) = t*k(o) + j(o). Calculate n(5).
6
Let k(f) = -f**3 - 7*f**2 - 14*f - 7. Suppose -228 = 30*i + 27*i. Give k(i).
1
Let z(t) = -t**3 - 42*t**2 + 91*t + 134. Let p be z(-44). Let j(x) be the third derivative of -x**5/60 + x**4/8 - x**3/2 + x**2. Determine j(p).
-1
Let p(j) be the second derivative of j**4/12 - 7*j**3/6 - 5*j**2/2 - 9*j + 4. What is p(7)?
-5
Let s(q) = q**3 + 5*q**2 + 3*q. Let o(h) = -10*h - 12. Let r be o(-3). Let z(u) = 3*u - 57. Let i be z(r). What is s(i)?
9
Let h(n) = -n**3 - 18*n**2 - 21*n - 58. Let p be h(-17). Let x(l) = l**3 - 9*l**2 - 12*l + 11. Give x(p).
-9
Let z = -3 - -4. Let k(t) = 4*t - 3. Determine k(z).
1
Suppose 6 = -h + 10. Let j(g) = -g**3 + g - 1. Let o(s) = 7*s**3 - 3*s**2 - 10*s + 5. Suppose k + 1 - 7 = 0. Let f(d) = k*j(d) + o(d). Calculate f(h).
-1
Let x be 2/8*(9 - 1). Let c(a) = -2*a + 5. Determine c(x).
1
Suppose 6*t = 2*t. Let o(r) = t*r**2 + 3*r**2 + 2 - 5*r + 9*r. Suppose -4*h + m - 10 = -0*m, -5*h - 3*m - 4 = 0. What is o(h)?
6
Let k = -232 - -228. Let t(j) = j**2 + 5*j + 10. Determine t(k).
6
Let c(x) be the third derivative of 0*x + 1/24*x**4 - 8*x**2 - 2/3*x**3 + 0. Give c(-5).
-9
Let w(m) = -m**2 - 2*m - 6. Let c = 192 + -196. Determine w(c).
-14
Let p(n) = 125*n - 2 + 14*n**2 - 124*n + 6 - 12*n**2. Determine p(-2).
10
Let x(i) = -4 - 2 + 4 + 8 + i. Let u be 25/((-350)/(-12))*-7. Give x(u).
0
Let p(i) be the first derivative of -i**4/4 + 5*i**3/3 + 5*i**2/2 + 8*i - 8. Suppose 4*s - 6 = 2. Suppose -12 = -0*r - s*r. Determine p(r).
2
Let n(x) = 144 - x**2 + 141 - 275. Determine n(4).
-6
Let w(d) = 5*d + 1. Let y = 35 - 24. Let r(o) = o**2 + 26*o + 6. Let p(g) = y*w(g) - 2*r(g). Suppose -3*t = -12, -4*s + 14 = -s + 2*t. What is p(s)?
-3
Let c(z) = 9*z**3 + z**2 - 8*z. Let d(g) = -19*g**3 - 2*g**2 + 18*g. Let f(a) = 9*c(a) + 4*d(a). Give f(-1).
-4
Let t = 65 + -58. Let z be ((t - 1) + (1 - 4))/(-1). Let v(w) = w**3 + 2*w**2 - 2*w + 3. What is v(z)?
0
Let j(i) = i**2 + 7*i + 8. Let t(f) = f + 5. Let o be t(0). Su